 6 and n?
6
Suppose d = -d. Suppose 4*g + 8 - 72 = d. What is the greatest common divisor of g and 80?
16
Suppose 0 = 2*a + 4*a - 132. Calculate the greatest common factor of a and 33.
11
Suppose 0 = 15*h - 17*h + 18. Calculate the highest common factor of 36 and h.
9
Let f = 59 + -37. Let k(h) = h**2 + 5*h - 3. Let u be k(-7). What is the greatest common divisor of u and f?
11
Let s be (-112)/(-8)*(-1)/(-1). Calculate the greatest common divisor of s and 28.
14
Suppose -22 = r - 3*r. Let w = r - 5. What is the greatest common divisor of w and 9?
3
Let m = -29 - -53. What is the greatest common factor of m and 6?
6
Let y = -118 - -126. Calculate the highest common divisor of y and 36.
4
Suppose 0 = 4*a - w - 133, -2*a - w + 5 + 54 = 0. Let i = -153 - -233. What is the greatest common divisor of i and a?
16
Let u be (1 + 0)*(-84)/(-6). What is the greatest common divisor of u and 112?
14
Let b = 1 + 2. Suppose 2*q = -2, -7*v + 89 = -b*v - q. What is the highest common divisor of v and 33?
11
Let q be 218/6 - (-12)/(-36). What is the highest common divisor of q and 18?
18
Let i(j) = j**3 + 25*j**2 - 28*j - 32. Let o be i(-26). Calculate the highest common divisor of o and 160.
20
Let q = -45 + -165. Let n = q + 463. Calculate the greatest common factor of n and 23.
23
Let l be 3/(-12) - 5/(-4). Let d be (-3)/l - (-43 + -10). Let y(n) = 4*n**2 - 2*n - 2. Let o be y(2). Calculate the highest common factor of o and d.
10
Suppose 4*v = -3*h + 7, 17 + 3 = 2*v - 4*h. Let i = 6 + -2. Calculate the highest common divisor of i and v.
4
Let d be 1/(0 - (-3)/18). Let m(a) = -28*a**3 + a**2 - 1. Let i be m(1). Let s be 2/7 - 48/i. What is the greatest common divisor of d and s?
2
Let f be 63/14 - (-2)/(-4). Let r be (-8 - -16)*3/f. Calculate the highest common factor of 2 and r.
2
Let r be (88 - -5) + (-4)/(-2). Suppose -5*p + 55 = -r. What is the greatest common divisor of p and 10?
10
Let l(m) be the third derivative of -m**6/120 - 2*m**5/15 + m**4/6 + 5*m**3/6 - 3*m**2. Let g be l(-9). Calculate the greatest common factor of 20 and g.
10
Suppose 3*h + 30 = 3*t + 6*h, 5*h = 3*t - 54. What is the greatest common factor of 117 and t?
13
Suppose 0 = -3*c - p - 4 + 40, -4*c + 29 = -5*p. Calculate the greatest common divisor of 11 and c.
11
Suppose 4*l - 9 = 3*l + 5*u, 0 = 3*l + 5*u - 87. Let y be (-48)/(-9) + (-2)/(-3). What is the greatest common divisor of l and y?
6
Let t = 1220 - 615. Suppose 4*q = -q + t. Suppose -d + 3 = -4*o, -o = -5*d + 22 + 31. What is the greatest common factor of q and d?
11
Let v = -4 - -5. Let z be 0/v + 3*12. What is the highest common factor of z and 12?
12
Suppose 0*i = -3*i. Suppose -2*v + 45 + 11 = i. Let t = v - 12. Calculate the highest common divisor of t and 24.
8
Suppose 6 = 5*v - 4*v + 4*b, -4*b + 2 = -v. Suppose -4*o = -2*g + 240 - 56, -v*g + 180 = -2*o. What is the highest common factor of g and 8?
8
Let s(w) = w - 1. Let y be s(-8). Let d = -4 - y. What is the highest common factor of d and 1?
1
Let f(t) = t**2 - 10*t + 9. Let s be f(9). Let w be 1/((-2)/(-24) + s). What is the greatest common factor of w and 96?
12
Suppose 0*d = 9*d - 288. What is the highest common divisor of d and 96?
32
Let l = 8 - 3. Suppose -6*h + 28 = -l*h. Calculate the highest common factor of h and 42.
14
Let r be 1*(1 - -1) + 0. Let v = 19 - 15. Suppose 3*d + 0*u - 5*u - 67 = 0, -v*d = 5*u - 31. Calculate the greatest common divisor of r and d.
2
Suppose 5*g = 23 - 8. Suppose -g*l + 8*l - 53 = -2*t, -l - 3*t + 21 = 0. Let j = l - -9. What is the greatest common divisor of 9 and j?
9
Suppose 2*r = -0*r + 8. Suppose -h + 3*h - t = -27, -5*t = 3*h + 21. Let o be (2 - 15/6)*h. Calculate the highest common factor of o and r.
2
Let o be (-6)/(-36) + 95/6. What is the greatest common factor of 80 and o?
16
Let c be (-4)/(-6) + -249*(-4)/18. Calculate the highest common factor of c and 4.
4
Suppose -2*l + 3*p - 11 = 0, 0 = l - 2*p + p + 3. Suppose -48 = -5*v + l*v. What is the highest common divisor of v and 16?
16
Let c = -59 - -83. Calculate the highest common factor of c and 36.
12
Let q be 3/((-12)/(-172)) + -3. What is the greatest common factor of q and 5?
5
Suppose 0 = -9*f - 1162 + 5023. Calculate the greatest common factor of 39 and f.
39
Let t = 3 + -1. Suppose -t*z - 6*p + 34 = -3*p, p - 37 = -3*z. Let y = z - 6. What is the highest common factor of y and 30?
5
Suppose 3*y = 2*x - 10, 7*y + 8 = x + 4*y. What is the highest common divisor of 16 and x?
2
Let o(i) = i**3 - i**2 + 4*i**3 + 5 - 4*i**3 + i - 2*i. Let y be o(0). Suppose l + 0 = 45. Calculate the greatest common divisor of l and y.
5
Let i(k) = k**2 - 4*k - 10. Let z be ((-8)/2 - -11) + 0. Let s be i(z). What is the highest common factor of 22 and s?
11
Suppose 42*k - 45*k = -30. What is the highest common divisor of k and 25?
5
Suppose 0 = 3*n - 50 + 8. Let t(q) = -q**2 - 5*q + 8. Let c be t(-6). What is the highest common factor of c and n?
2
Let x(f) = -3*f - 4. Suppose -3*b + 5*i - 4 = 1, 0 = 3*b + 3*i + 21. Let w = b + -1. Let m be x(w). Calculate the highest common divisor of 126 and m.
14
Let v be 4/6 + 66/9. Calculate the highest common factor of v and 88.
8
Let l(k) = k**3 - 3*k**2 - 10*k + 2. Let u be l(7). What is the highest common factor of 16 and u?
16
Let m = 8 + 12. Let j be (-14)/4*m/(-35). What is the highest common divisor of j and 10?
2
Suppose -2*f = -5*f + 12. Let o = 14 - -2. Suppose -b = -i + o, f*i + 14 = -b + 58. What is the greatest common divisor of 36 and i?
12
Suppose 0 = -2*s + 2, -3*b = b - s - 539. Calculate the highest common divisor of 15 and b.
15
Let j be 1/(-9) - 100/(-9). What is the greatest common factor of j and 77?
11
Let g = -10 - -14. Suppose -3*z + 9 = 0, -g*p + 0*z = -4*z - 228. Let b = 77 + -53. Calculate the greatest common divisor of b and p.
12
Suppose 35 - 11 = 4*w. Suppose 2*v - w = v. Let c = -76 - -79. What is the highest common factor of c and v?
3
Let h be (-19)/(-4) + (-9)/12. Suppose i - 22 = -h*z, 3*i = -0*z - z + 88. Calculate the greatest common factor of i and 6.
6
Let s(m) = -3*m + 1. Let f be s(-1). What is the highest common divisor of f and 16?
4
Let z(i) = -i**3 - i**2 + 2. Let q be z(0). Suppose 3*v + 41 = 4*o, 5*o + 2*v = -q*v + 59. What is the greatest common factor of o and 88?
11
Suppose 2*f - 75 = -3*f. Suppose -4*c = y + 8, 3*c = 2*y - c - 8. Suppose -4*s + y*s = -420. Calculate the highest common factor of s and f.
15
Let h(i) = i**3 - i**2 - 1. Let m(t) = 4*t**3 - 3*t**2 - 2*t + 1. Let r(p) = -2*h(p) + m(p). Let j be r(3). What is the highest common divisor of j and 28?
14
Let u(o) = -3*o - 2. Let q be u(-5). Let x(a) = -a**2 + 23*a - 24. Let h be x(19). Calculate the highest common divisor of q and h.
13
Let t(j) = -8*j - 63. Let p be t(-9). Let x be 1*(-12)/(4 + -1). Let i be 1/(-2) - 254/x. What is the highest common factor of p and i?
9
Let c(i) = -i + 48. Let n be c(-21). Calculate the greatest common factor of 46 and n.
23
Let d be 2/(-4) + 3/(-4)*-194. What is the highest common factor of 29 and d?
29
Let s = -69 + 145. Suppose 4*g - 4 - 4 = 0. Suppose g*k = -0*k + 38. What is the highest common divisor of s and k?
19
Let w be (-796)/(-18) + (-12)/54. Let h be 22*(-1 - w/(-4)). Calculate the highest common factor of h and 20.
20
Let i be (2 - (-5)/(-4))*-16. Let j = 22 + i. What is the greatest common divisor of 110 and j?
10
Let g = -62 - -92. Suppose 2*u = -41 + 15. Let c = 25 + u. What is the greatest common divisor of c and g?
6
Let r = -8 - -20. Suppose 2*t - a = 11, -3*t + 4*a - r = -41. Calculate the highest common factor of 1 and t.
1
Let r = 76 + -58. What is the greatest common factor of 252 and r?
18
Let f(p) = -2 - 3 + 4*p + 6. Let q be f(7). What is the highest common divisor of 29 and q?
29
Let h(u) = 5 + 1 + 11 + u. Let p be h(-6). Suppose -3*r = -2*n + 4*n - 207, 3*n = 5*r + 282. Calculate the highest common divisor of p and n.
11
Let g = 14 - 18. Let x(f) = f**2 + 2*f + 6. Let n be x(g). What is the greatest common divisor of 21 and n?
7
Let l(k) = 3*k**3 - 4*k**2 + 3*k. Let o be l(2). Let t be o*(-2)/12*-3. Let a be 6/(-21) + 153/21. What is the highest common divisor of a and t?
7
Suppose p = -4*j + 17, 4 = 4*p - 16. Suppose 4*n = -2*o, -2*o + 22 = 2*o - j*n. Calculate t